actor of l and 20?
20
Let i be (-462)/(-15)*9*20/12. What is the highest common factor of i and 66?
66
Let z be 4/4 + 1/(-1) + 18. Suppose -7230 = -5*q - 2*b, 3*b - 2333 - 570 = -2*q. Let x be q/z + (-14)/63. Calculate the highest common divisor of x and 20.
20
Suppose 98*s - 4796 - 4906 = 0. Calculate the greatest common factor of s and 792.
99
Suppose -5*f - 3*y + 11 = 0, -5*f + 7 = 4*y - 6. Suppose 4*q - 40 = -q. What is the greatest common divisor of f and q?
1
Let f = -396 - -443. What is the highest common divisor of f and 799?
47
Let p(u) = -4*u - 46. Let i be p(-16). Suppose -32*o = -29*o - i. Suppose 4*m = m + 3*l - 6, l - 4 = 0. What is the highest common factor of m and o?
2
Let j = 16 - 32. Let c = j + 23. Let i(o) = o**2 - 21*o - 37. Let t be i(24). What is the greatest common divisor of c and t?
7
Let t(c) = -c**2 + 7*c + 7. Let i be t(4). Let z be i/((-5)/(-10 + -5)). What is the greatest common factor of z and 3?
3
Let g = 149 - 47. Let i = g + -42. Let p = 687 - 672. Calculate the highest common divisor of i and p.
15
Let k(c) = -c**3 + 65*c**2 + 70*c - 129. Let p be k(66). What is the greatest common factor of p and 855?
45
Let r(m) = m - 1. Let i be r(1). Suppose 2*y - 14 + 4 = 0, p + 3*y - 23 = i. Calculate the highest common divisor of p and 16.
8
Suppose 0 = 2*n - 3*v - 18, -5*n = -2*n + 5*v - 65. Calculate the highest common factor of n and 3.
3
Let x(y) = y**3 + 21*y**2 + 2*y + 82. Let w be x(-21). Calculate the highest common factor of w and 260.
20
Let r(b) = -7 - 21*b - 12 - 3 + 1. Let h be r(-6). Suppose 3*p - 30 = -3*j, -p + 0*j + 40 = -5*j. Calculate the highest common factor of h and p.
15
Let h be ((-2)/3)/((-24)/180). Suppose 0 = -w + 4*w - m - 93, h*m = 4*w - 135. Suppose 2*k - 12 = -0*k. What is the highest common divisor of k and w?
6
Suppose -4*k + 29 + 62 = 5*r, 0 = -r + 4*k + 23. What is the greatest common divisor of 304 and r?
19
Let c be (-10 + 4)*(-339)/(-9). Let q be (-2)/(-36)*3 - c/12. What is the highest common factor of 19 and q?
19
Let b(q) = -19*q - 7. Let p be b(-1). Suppose 608 = p*i + 188. Calculate the greatest common factor of 385 and i.
35
Let u(g) = g**3 - 15*g**2 - 15*g - 19. Let l be u(16). Let n be -2*(-1)/2 - l. Suppose -n*x = -0*x - 28. What is the greatest common factor of 14 and x?
7
Suppose -6 = 6*h - 30. Let u be -2*(h + -2) - 2*-22. What is the highest common factor of 10 and u?
10
Let w(s) be the first derivative of -5*s**2/2 - 2*s + 1. Let t be w(-6). Suppose -196 = 22*b - 36*b. What is the highest common divisor of b and t?
14
Let x be -2 + 627/(-9)*-3. Let o = x - -10. What is the greatest common divisor of o and 31?
31
Suppose 3*c - 7 = 2*b - 22, 5*b - 43 = 2*c. What is the highest common factor of b and 18?
9
Suppose 4*p - 12 = p, 0 = 5*t - 3*p - 3. Suppose -b + t*b = 0. Suppose 3*n + 1 - 7 = b. Calculate the greatest common factor of 8 and n.
2
Let j(n) = 4*n + 56. Let o be j(-12). Calculate the greatest common divisor of o and 256.
8
Let u be 3 + 1 - (-4)/4. Suppose 5*p - 62 = -3*s + s, 134 = 4*s + u*p. Calculate the highest common factor of 126 and s.
18
Suppose -j + 3*a + 17 = 4*j, 5*j - a = 9. Let q be (875/(-100))/(j/(-44)). What is the greatest common divisor of q and 55?
55
Suppose 0 = -y - 3*f + 289, -283 = -y - f - 0*f. Suppose -3*b = -3*j - 7*b + 210, -4*b - y = -4*j. Calculate the greatest common factor of 28 and j.
14
Let m(g) = g**3 - 34*g**2 - 72*g + 15. Let f be m(36). What is the highest common factor of 315 and f?
15
Let i be (1 - 6)/(3/(-24)). Let y = -36 + i. What is the highest common factor of 4 and y?
4
Let u be ((-138)/(-92))/((-6)/(-64)). What is the highest common divisor of u and 128?
16
Let s = 7 - -12. Let c = 37 - s. What is the greatest common divisor of c and 198?
18
Let d = -4 + 7. Let o(g) = 5*g**2 - 4*g + 3. Let x be o(d). Let q be (-1398)/(-78) - (-8)/104. Calculate the highest common divisor of q and x.
18
Let r(z) = -8*z**3 - 2*z**2 + z + 3. Suppose -4*d = 4*o + 16, o + 4*o - 2*d + 6 = 0. Let i be r(o). What is the greatest common divisor of 19 and i?
19
Suppose -3*l - 5*x + 650 = 117, -2*l = -5*x - 397. Suppose 54 + l = 8*s. What is the highest common factor of 45 and s?
15
Let x be (4/(-3))/4*0. Suppose -2*q + 291 - 79 = x. Let f = q - 76. What is the greatest common factor of f and 20?
10
Suppose 11*i - 1424 = -489. Calculate the highest common divisor of i and 272.
17
Let c = -80 + 85. Let p be (36/8 + -4)/(c/280). Calculate the highest common factor of p and 8.
4
Suppose 96 = 6*j - 24. What is the highest common divisor of 150 and j?
10
Let c be (-693)/45*-5*1. Let k(y) = -y**3 - 14*y**2 + 11. Let g be k(-14). Calculate the greatest common divisor of g and c.
11
Suppose 49*s - 26 = 47*s. What is the greatest common divisor of s and 26?
13
Let o be (-21)/9 + 2/6. Let k be o + 5 + -4 + 8. Suppose -k = 5*l - 42. What is the highest common divisor of l and 14?
7
Let v be (-375)/(-9) + (-2)/(-6). Suppose -3*u + v = 6. Suppose 12 = l - 0*l. Calculate the highest common factor of u and l.
12
Let d(n) = -11*n - 26. Let q be d(-4). Let u(s) = s**3 - 19*s**2 + 18*s + 26. Let o be u(q). What is the highest common divisor of 234 and o?
26
Let v(i) = i**2 - 14*i + 15. Let z = 30 + -17. Let j be v(z). What is the highest common factor of j and 5?
1
Let p = 38 - 32. Let m(z) = -z**3 + 6*z**2 + 2*z - 5. Let f be m(p). What is the greatest common factor of f and 7?
7
Let a(s) = -s**2 - 5*s - 17. Let v be a(-5). Let b = 26 + v. Suppose -9 = -3*l - 2*u, 2*l - 3*u - 17 = -8*u. Calculate the greatest common factor of l and b.
1
Let o(m) = m**2 - 16*m + 77. Let y be o(7). Suppose 2*q - 341 = -89. Calculate the highest common divisor of q and y.
14
Suppose -2*f = 2*f - 36. Calculate the greatest common divisor of f and 72.
9
Let v = 1929 - 1801. Calculate the highest common factor of v and 104.
8
Suppose -4*d = -2*n + d, 5*n - 58 = -2*d. Let h be (3 - 2)*n*1. Let t(m) = m**2 - 8*m + 5. Let b be t(h). What is the highest common divisor of 5 and b?
5
Let g = -195 - -219. Calculate the greatest common factor of g and 108.
12
Suppose -4*f + 0 = -28. Suppose -5*q - 7 = 2*x, 0*x = x - q + f. Let c = 10 + x. Calculate the greatest common factor of c and 6.
2
Suppose 0 = -h - 2*h + 564. Let x = h - 346. Let r = -92 - x. Calculate the highest common factor of r and 44.
22
Let k be 6/(-4)*(-464)/24. Let a = 500 - 355. Calculate the highest common factor of a and k.
29
Suppose -15 = -5*g, -6*s + 4*g = -10*s + 200. Calculate the highest common divisor of 1 and s.
1
Suppose 7*j - 16 = 5*j. Let q = -4 + j. Suppose 4*p = q - 0. What is the highest common divisor of 8 and p?
1
Let a be (-2)/(-14) - 277095/(-343). Calculate the highest common divisor of 8 and a.
8
Let p = -5 - -31. Let t = p - 24. Suppose -m = t*u + 4*m - 44, 0 = -u + 4*m + 22. Calculate the greatest common factor of 88 and u.
22
Let l = 107 - 67. Suppose -2*c - l = -6*c. Let k(s) = -s**3 - 19*s**2 - 37*s + 39. Let v be k(-17). What is the greatest common factor of v and c?
10
Let x = -3 - -4. Let y(z) = z**3 - z**2 + 3*z + 1. Let a be y(0). Let d be ((-7 - -6)/a)/(1*-1). What is the greatest common divisor of d and x?
1
Suppose 51 = 3*s + 3*v, 65*v - 63*v + 6 = 0. Suppose 5*w - 2*y - 1610 = 0, 7*w - 2*w - 1605 = y. What is the greatest common factor of s and w?
20
Suppose 0 = 8*y - 88 - 104. Let u be -6*(y/(-9) + 1). What is the greatest common divisor of u and 80?
10
Let q(r) be the third derivative of -r**6/120 - 3*r**5/20 - 5*r**4/12 + 8*r**3/3 - 9*r**2. Let c be q(-8). Calculate the greatest common divisor of c and 96.
32
Let l(y) = y**2 - 15*y - 19. Let k(g) = -g**2 + 1. Let n(w) = -2*k(w) - l(w). Let p be n(-15). What is the greatest common divisor of p and 68?
17
Let w be 14*-1*(-9 - -11). Let p = w + 38. Calculate the greatest common factor of p and 4.
2
Let w(f) = -f**3 - 13*f**2 - 4*f - 12. Let c be w(-13). Let d be 2590/c + 2/8. Calculate the greatest common divisor of 39 and d.
13
Let p = -6 + 6. Suppose 0 = -p*v - 5*v + 125. Suppose -65 + 20 = -9*w. What is the highest common factor of w and v?
5
Let v(l) = 62 - 54 + 7*l - 19*l. Let g be v(-4). What is the greatest common divisor of g and 7?
7
Let w = 0 + 7. Let f(b) = -79*b + 4027. Let s be f(50). What is the highest common divisor 